hen 91985 is divided by 806?
101
What is the remainder when 6746474 is divided by 69?
68
Calculate the remainder when 48915 is divided by 1674.
369
What is the remainder when 4303528 is divided by 1154?
262
Calculate the remainder when 486077 is divided by 3739.
7
Calculate the remainder when 1546171 is divided by 594.
583
Calculate the remainder when 4474114 is divided by 381.
31
Calculate the remainder when 189347 is divided by 247.
145
What is the remainder when 10036878 is divided by 1112?
1078
Calculate the remainder when 203602 is divided by 8743.
2513
Calculate the remainder when 57062289 is divided by 21.
18
What is the remainder when 919815 is divided by 28731?
423
What is the remainder when 1273499 is divided by 115?
104
Calculate the remainder when 125585 is divided by 3050.
535
What is the remainder when 181836 is divided by 4784?
44
What is the remainder when 2223136 is divided by 3029?
2879
What is the remainder when 40636286 is divided by 1178?
1176
Calculate the remainder when 7546559 is divided by 1886637.
11
What is the remainder when 64627 is divided by 359?
7
Calculate the remainder when 56231154 is divided by 56231136.
18
Calculate the remainder when 6560814 is divided by 37705.
144
Calculate the remainder when 1126575 is divided by 97.
17
Calculate the remainder when 142018 is divided by 10839.
1111
Calculate the remainder when 1469574 is divided by 41980.
274
Calculate the remainder when 1110737 is divided by 24682.
47
What is the remainder when 6562405 is divided by 243049?
82
Calculate the remainder when 15345637 is divided by 7515.
7
What is the remainder when 3869955 is divided by 967415?
295
Calculate the remainder when 4623323 is divided by 107519.
6
Calculate the remainder when 10612796 is divided by 180.
176
What is the remainder when 25347335 is divided by 1999?
15
What is the remainder when 1797880 is divided by 7885?
100
What is the remainder when 35775568 is divided by 86?
84
What is the remainder when 46205337 is divided by 1142?
17
What is the remainder when 137644 is divided by 137495?
149
Calculate the remainder when 2326959 is divided by 75.
9
Calculate the remainder when 30221 is divided by 5607.
2186
What is the remainder when 21055176 is divided by 1303?
1302
What is the remainder when 8915818 is divided by 40343?
15
What is the remainder when 6880700 is divided by 25?
0
What is the remainder when 173922 is divided by 318?
294
Calculate the remainder when 3806597 is divided by 152260.
97
Calculate the remainder when 6699986 is divided by 1116662.
14
Calculate the remainder when 2329521 is divided by 31.
26
What is the remainder when 11080 is divided by 548?
120
What is the remainder when 400790 is divided by 78621?
7685
Calculate the remainder when 8611 is divided by 4283.
45
What is the remainder when 343576 is divided by 926?
30
Calculate the remainder when 3059206 is divided by 4249.
4175
What is the remainder when 1610053 is divided by 5984?
357
Calculate the remainder when 47980692 is divided by 10957.
10946
What is the remainder when 699663 is divided by 63595?
118
Calculate the remainder when 4800206 is divided by 72.
38
Calculate the remainder when 1733481 is divided by 2921.
1328
What is the remainder when 235517 is divided by 49?
23
What is the remainder when 181476422 is divided by 4?
2
What is the remainder when 13724185 is divided by 67?
39
What is the remainder when 2243052 is divided by 4460?
4132
What is the remainder when 2906361 is divided by 1130?
1
Calculate the remainder when 5507983 is divided by 35.
33
What is the remainder when 10468695 is divided by 61?
58
Calculate the remainder when 360204 is divided by 51342.
810
What is the remainder when 1108112 is divided by 12885?
2
Calculate the remainder when 20400656 is divided by 324.
320
What is the remainder when 487795 is divided by 44203?
1562
What is the remainder when 56045 is divided by 3462?
653
What is the remainder when 406412 is divided by 2322?
62
What is the remainder when 591198 is divided by 7?
6
Calculate the remainder when 1183515 is divided by 40.
35
Calculate the remainder when 6290768 is divided by 476.
428
What is the remainder when 3402308 is divided by 1087?
1085
Calculate the remainder when 341655 is divided by 12597.
1536
What is the remainder when 6068028 is divided by 78?
18
What is the remainder when 1978718 is divided by 332?
330
What is the remainder when 335440 is divided by 83853?
28
Calculate the remainder when 11498463 is divided by 9.
0
Calculate the remainder when 98778 is divided by 12346.
10
Calculate the remainder when 36658865 is divided by 2359.
5
What is the remainder when 282989 is divided by 50?
39
What is the remainder when 47122 is divided by 23440?
242
Calculate the remainder when 204488002 is divided by 21.
19
What is the remainder when 30889 is divided by 150?
139
What is the remainder when 304217 is divided by 1177?
551
What is the remainder when 7041056 is divided by 18?
14
Calculate the remainder when 81614 is divided by 348.
182
Calculate the remainder when 770707 is divided by 16.
3
What is the remainder when 233048 is divided by 6963?
3269
What is the remainder when 27837 is divided by 1706?
541
Calculate the remainder when 31428340 is divided by 3366.
3364
Calculate the remainder when 42339 is divided by 6949.
645
What is the remainder when 6546490 is divided by 334?
90
Calculate the remainder when 3114052 is divided by 437.
427
What is the remainder when 2327838 is divided by 1410?
1338
Calculate the remainder when 4024239 is divided by 2632.
2543
Calculate the remainder when 92507292 is divided by 46253638.
16
What is the remainder when 1761062 is divided by 610?
602
What is the remainder when 1717325 is divided by 111?
44
What is the remainder when 391611 is divided by 3877?
34
Calculate the remainder when 1347084 is divided by 2365.
1399
Calculate the remainder when 9663348 is divided by 79862.
46
Calculate the remainder when 60707411 is divided by 723.
716
What is the remainder when 34042 is divided by 9?
4
What is the remainder when 13696738 is divided by 760928?
34
Calculate the remainder when 46206 is divided by 278.
58
What is the remainder when 433571 is divided by 2045?
31
Calculate the remainder when 7869655 is divided by 71.
15
Calculate the remainder when 15774240 is divided by 113.
5
What is the remainder when 493528 is divided by 10740?
10228
What is the remainder when 8086118 is divided by 22524?
2
What is the remainder when 406597 is divided by 555?
337
Calculate the remainder when 1752199 is divided by 1228.
1071
What is the remainder when 193599953 is divided by 5?
3
Calculate the remainder when 7762780 is divided by 862525.
55
What is the remainder when 16890 is divided by 16356?
534
Calculate the remainder when 2624467 is divided by 8305.
87
Calculate the remainder when 291721 is divided by 32401.
112
What is the remainder when 36793793 is divided by 2628121?
99
What is the remainder when 318002882 is divided by 289?
287
What is the remainder when 618596 is divided by 36068?
5440
Calculate the remainder when 2206126 is divided by 159.
1
Calculate the remainder when 268409867 is divided by 1048476.
11
What is the remainder when 45751096 is divided by 183?
181
Calculate the remainder when 5128 is divided by 747.
646
Calculate the remainder when 447852 is divided by 834.
828
Calculate the remainder when 274698 is divided by 7840.
298
What is the remainder when 18389 is divided by 3255?
2114
What is the remainder when 117671917 is divided by 14?
13
What is the remainder when 88820 is divided by 41225?
6370
Calculate the remainder when 39989006 is divided by 19994500.
6
Calculate the remainder when 607993 is divided by 1465.
18
What is the remainder when 11822316 is divided by 791?
30
What is the remainder when 1332246 is divided by 7930?
6
Calculate the remainder when 10521436 is divided by 141.
16
Calculate the remainder when 11725858 is divided by 586.
584
Calculate the remainder when 44419 is divided by 2466.
31
Calculate the remainder when 994576 is divided by 210.
16
What is the remainder when 6018285 is divided by 357?
336
What is the remainder when 7384803 is divided by 3322?
3319
What is the remainder when 383491 is divided by 2294?
393
Calculate 